 z(2). Suppose b - 36 = -3*b. Suppose b*g = 3*g + 90. Calculate the highest common factor of g and d.
5
Suppose -n + 330 = 2*n. Let b(r) = r**2 + 4*r - 1. Let p be b(-6). What is the highest common divisor of p and n?
11
Suppose 5*c = 2*k - 3*k + 349, 4*k = -4. What is the greatest common factor of c and 28?
14
Suppose 2*w = -10, 5*o + 5*w - 2 = 13. Calculate the highest common factor of 104 and o.
8
Let u = 118 - -62. What is the greatest common divisor of u and 18?
18
Let a(z) = z**2 - z - 2. Let t be a(-3). Let r = 5 - 3. Suppose 3*o + 4*g + r = 0, 4*o - 3 = g + 7. Calculate the greatest common factor of o and t.
2
Let h = 13 - 23. Let o be h/(-4) - (-4)/8. Suppose 132 = 4*s + o*u, -s = -3*u + 10 - 28. What is the highest common factor of s and 12?
6
Suppose -2*n + 86 = -2*a, 0 = -4*a - 2*n - 148 - 48. Let d = -23 - a. Suppose -o + 5*o - d = 0. What is the highest common factor of o and 48?
6
Let u(g) = 2*g**2 - g + 5. Let j be u(4). Suppose 2*w + z - 4 = 6, 5*w + 3*z - 26 = 0. Suppose -w - 8 = -4*n. What is the greatest common factor of j and n?
3
Let v = -12 - -22. Let f(x) = x**3 - x**2 + 10. Let t be f(0). What is the highest common factor of v and t?
10
Let m = 20 + -29. Let k(l) = 2*l**2 - 6*l. Let u be k(6). Let o = m + u. Calculate the highest common factor of 9 and o.
9
Let d = -7 - -7. Suppose d*j - 14 = -j. Calculate the greatest common divisor of j and 154.
14
Let o(a) = 2*a - 14. Let z be o(10). Suppose -x + z = -0*x. Calculate the highest common factor of 15 and x.
3
Let m = 325 - 157. Calculate the highest common divisor of 21 and m.
21
Let c be 7*(11 + 12/4). Let u be (1 + -3)/(-1) + 12. Calculate the greatest common factor of u and c.
14
Suppose 5 - 20 = -5*a. Calculate the highest common divisor of a and 33.
3
Let d be 2 + 3 + (-2 - -5). Let l be (4/d)/(4/160). What is the greatest common divisor of 60 and l?
20
Let n = -773 + 1114. What is the highest common factor of n and 31?
31
Suppose -2*j + j + 20 = 0. Suppose 0 = 2*r - 17*r + 60. Calculate the greatest common factor of r and j.
4
Let c = -29 + 43. What is the greatest common factor of 28 and c?
14
Let j be 29*((-2)/(-2))/1. Let b = 36 - 53. Let c = b + j. Calculate the greatest common factor of 36 and c.
12
Suppose 0*q - 20 = 2*q. Let m be (-144)/q + (-8)/20. Calculate the greatest common divisor of 14 and m.
14
Let v(u) = 3*u**2 + 6*u - 3. Let b be v(2). What is the greatest common factor of b and 84?
21
Let q(w) = 2*w**2 - 3*w - 4. Let j be q(4). Calculate the highest common divisor of j and 16.
16
Let j(k) be the second derivative of k**3/6 + k**2 + 5*k. Let x be j(16). What is the greatest common factor of x and 108?
18
Let r be 20/(-5) - -9 - -3. Calculate the highest common divisor of 72 and r.
8
Let i(j) = -11*j + 2. Let v be i(-8). Let c be 3 + (2 - 0 - -5). Calculate the greatest common divisor of v and c.
10
Let c be -4 + 20/(-5)*-2. Calculate the highest common divisor of 52 and c.
4
Let i be 3*(3/(-9) + 2). What is the greatest common divisor of i and 50?
5
Let p(t) = t**3 - 4*t**2 - 7*t + 4. Let o be p(5). Let a be (o/(-4))/((-2)/(-16)). Calculate the highest common factor of a and 36.
12
Let m = 26 - 26. Suppose -5*t + 750 - 165 = m. Calculate the highest common divisor of t and 13.
13
Suppose -j + 4*p + 50 = 0, -2*j + 29 = p - 26. Let g be (-16)/(-2) + (-7 - -4). Suppose g*l - 7 = 8. Calculate the highest common factor of l and j.
3
Let c = 119 - 23. Suppose 4*m - 212 = c. Calculate the highest common factor of m and 7.
7
Suppose -4*z + 8*z - 20 = 0. Suppose z*g = 0, 5*w + 2*g + 0*g - 80 = 0. What is the highest common divisor of w and 16?
16
Let z = -319 - -599. Suppose 2*v + z = 7*v. Let d be ((-9)/(-6))/(3/16). What is the greatest common factor of v and d?
8
Let f(c) = c**2 - c + 7. Let x = 5 + 0. Let i be f(x). Calculate the highest common divisor of i and 3.
3
Let h(j) = 32*j**2 + 2 - 4*j**2 - 3 + 8*j**2. Let z be h(1). What is the greatest common factor of 14 and z?
7
Let u(s) = 2*s + 12. Let m be u(-8). Let b = 26 + m. Calculate the greatest common divisor of 55 and b.
11
Let j = 198 + -178. Calculate the greatest common divisor of j and 120.
20
Let s(u) = u**3 + 7*u**2 - u - 5. Let z = -9 - -2. Let w be s(z). Suppose w*c - 94 = 2*i, -c - 3*i - 96 = -3*c. What is the highest common factor of c and 5?
5
Let v(u) = 9*u - 4. Let o be v(5). Suppose 3*i = d + o, -2*d = 5*i + 3*d - 95. Calculate the greatest common divisor of i and 15.
15
Suppose o + 1 = 0, 0*c + o + 22 = 3*c. Calculate the greatest common factor of c and 1.
1
Let x(o) = -7*o - 6. Let v be x(-3). What is the greatest common factor of 20 and v?
5
Suppose 3*b - 42 = 3*a, -3*b = -9*a + 14*a - 2. What is the highest common divisor of 63 and b?
9
Suppose -3*s = -3*x + 216, 2*x - 6*x = -5*s - 285. Let d = 82 - 52. What is the greatest common divisor of d and x?
15
Let b be -1 - ((-6)/(-3))/(4/(-50)). What is the greatest common factor of 168 and b?
24
Suppose 0 = 5*h - 77 - 53. What is the highest common divisor of h and 234?
26
Suppose -4*p = -7*p + 36. Let w = 178 + -130. Calculate the greatest common divisor of w and p.
12
Let k(s) = -2*s**3 - 6*s**2 - 4*s. Let t be k(-4). Suppose -2*x = 4*o - 64, -2*o + 4*o - 5*x = 32. Calculate the greatest common divisor of t and o.
16
Suppose 4*w - 16 = 2*l, -6 = 4*l + w + 17. Let n(u) = u**2 + 4*u - 3. Let h be n(l). What is the highest common factor of h and 99?
9
Let p be (-2)/(4*(-2)/12). What is the greatest common divisor of 3 and p?
3
Suppose -16 = -4*j + 3*j. Let m be (j/10)/(2/10). Let u = m + 3. Calculate the highest common divisor of 33 and u.
11
Suppose 444 = -2*p + 3*w, -4*w + 397 = -3*p - 270. Let a = -420 - p. Let i be a/(-12) - 2/8. Calculate the highest common divisor of 32 and i.
16
Let f(n) = -n**3 + 4*n**2 + 2*n. Suppose -3*h - h = 0, 0 = -5*v - 5*h + 20. Let r be f(v). Let p be 14/3*90/35. What is the greatest common divisor of p and r?
4
Let v(m) = -m**3 + 6*m**2 + 7*m + 4. Let k be v(7). Let s be k/14 + (-24)/(-14). Suppose -7*a + s*a = -50. What is the highest common divisor of 40 and a?
10
Let y be (-1 - 0 - 0)*-2. Suppose 60 = 5*g - 4*l, -y*l - 8 = -5*g + 52. Calculate the greatest common factor of g and 60.
12
Let l(w) = w**3 + 2*w**2 - 2*w - 2. Let o be l(2). Let s be 282/4 - 1/2. Calculate the greatest common divisor of o and s.
10
Let w = 62 - 29. Suppose -3*s + 8 = -1. Suppose 5*l = -s*j + 46, 2*l - 5*j - 34 = -j. What is the highest common divisor of l and w?
11
Let k be ((-4)/12)/(2/(-6)). Calculate the greatest common factor of 2 and k.
1
Let y(n) = 3*n**3 + 3*n**3 - 2 + 4*n - 2*n - n**2 + 1. Let i be y(1). What is the highest common factor of i and 12?
6
Let l be (1998/15)/(2/5). What is the greatest common divisor of 37 and l?
37
Suppose -466 = -3*g + 392. Suppose -z - z = -g. Let a be 3*(1 - 10/(-3)). Calculate the greatest common factor of z and a.
13
Let s(a) = 17*a + 2. Let c be s(2). What is the highest common divisor of 9 and c?
9
Let r be (-3 - (-5 + 2)) + 2. Suppose 0 = r*f - 3*f + 60. What is the highest common divisor of f and 24?
12
Let a = -704 + 1538. Suppose 4*r + a = r. Let q be 4/20 - r/10. Calculate the greatest common divisor of 70 and q.
14
Let b = 25 + -18. Let x = b + 21. Calculate the highest common divisor of 42 and x.
14
Suppose -l - 5 = -2*a, -6 = 4*a + 3*l - 1. Let w be a - 7/((-21)/6). Calculate the greatest common divisor of w and 27.
3
Let q be 2/(-8) + 123/36*3. Calculate the highest common factor of 5 and q.
5
Let b(q) = q + 10. Let h = 2 - 12. Let m be b(h). Suppose m = w + n - 11, -w + 3 + 7 = 2*n. What is the highest common divisor of w and 12?
12
Let t = -61 - -68. Calculate the greatest common factor of 14 and t.
7
Suppose 21 + 11 = q. Suppose s - 20 = -4. Calculate the highest common factor of q and s.
16
Let a = -15 - -30. What is the highest common factor of 3 and a?
3
Let q be (-11)/(-2)*2*1. Calculate the highest common factor of 22 and q.
11
Let s(p) = -11*p - 100. Let h be s(-28). Calculate the highest common divisor of h and 26.
26
Suppose 3*j + q = 100, -4*j + 112 = -4*q - 0. Let o = 23 - -25. What is the highest common factor of o and j?
16
Suppose -o - 19 = 5*z, 31 = -4*o - 5*z - 90. Let c = -14 - o. Calculate the greatest common factor of c and 50.
10
Let i be 